e of d**4/12 - 7*d**3/6 - 11*d**2/2 + 24*d. Give j(8).
-3
Let c(y) = y**2 + 3*y - 7. Let o(n) = n**2 + 2*n - 6. Let x be ((-6)/1)/((-9)/(-6)). Let k(v) = x*c(v) + 5*o(v). What is k(5)?
13
Suppose 110*m - 144 = 86*m. Let t(f) = -3*f - 2*f + 4*f. What is t(m)?
-6
Let r(n) = 7*n - 4. Let w be r(1). Let s(g) = -g**2 + 5*g + 2. Let p be s(w). Let x(t) = t**2 - 10*t + 12. What is x(p)?
-4
Let m(s) = -s**3 - 4*s**2 + 4*s - 2. Let a be m(-5). Let h(d) = 4 - 1 + d - a + 1. Let c(k) = -k + 5. Let l be c(4). What is h(l)?
2
Let d(k) be the third derivative of -1/120*k**5 + 0*k - 1/360*k**6 - 1/12*k**4 + 0 + k**2 + 11/6*k**3. Let l(g) be the first derivative of d(g). Give l(-2).
-4
Suppose 8*x + 137 = -87. Let t = -33 - x. Let n(u) = u**3 + 5*u**2 - u + 1. What is n(t)?
6
Let y be 52/(-14) + 4*4/(-56). Let b(s) = 2 + 4*s - s**3 + 2*s - 3*s**2 + 4. Let m be b(y). Let p(r) = -r**2 - 4*r. Determine p(m).
4
Let o(r) = r**3 - r. Let d(u) = 3*u**3 + 8*u**2 + 2*u - 16. Let p(y) = -d(y) + 2*o(y). Determine p(-7).
-5
Let o(b) = b**3 + 9*b**2 + 16*b + 7. Let w = 247 - 254. What is o(w)?
-7
Let n(g) = -2*g**2 + 1. Let u(t) = -7*t**2 - 7*t - 2. Let o(x) = -4*n(x) + u(x). Determine o(8).
2
Let s(q) = q + 7. Let r = -15 - -15. Suppose 2*p - i - 37 = r, -7*p - 2*i = -3*p - 86. Suppose -p = -5*o + o. Calculate s(o).
12
Let d(c) be the second derivative of -c**4/12 + 7*c**3/6 - 4*c**2 + 120*c. Determine d(5).
2
Let n(c) = 22*c**3 - 5*c**2 - 4*c + 5. Let o(m) = -23*m**3 + 6*m**2 + 5*m - 6. Let q(h) = -5*n(h) - 4*o(h). Suppose 4*g + 1 + 0 = -b, -3*b = 15. What is q(g)?
-18
Let n(h) = h - 1. Let z be 21/7 - 4/(-2). Let q be (-32)/(-6) - z/(-3). Determine n(q).
6
Let k be (-4)/(-12) + 16/(-3). Let l(r) be the first derivative of -r**2 - 10*r - 3. Let v(p) = -1. Let w(c) = -l(c) + 4*v(c). Calculate w(k).
-4
Let d(t) = t**2 - 10 - 2*t + 10 - 9*t - 27 - 6. What is d(14)?
9
Let a = 36 + 30. Let g = -61 + a. Let h(s) = -s + 2. Give h(g).
-3
Let g(v) = v - 3. Let s(h) = -h**2 + 2*h + 7. Let q be s(4). Let y be (q + -1)/((-22)/77). What is g(y)?
4
Let t = -1 + 0. Suppose 0 = -3*s + 5 + 40. Let h(j) = 16*j**3 + 8 - s*j**3 + 0 - 9. Give h(t).
-2
Let t(a) = a**3 - 14*a**2 + 12*a + 1. Let u be t(13). Let d be 4/6*(-18)/u. Let r(q) = -2*q**3 + 2*q - 1. What is r(d)?
-1
Let g(b) be the third derivative of 30*b**2 + 0 - 1/120*b**6 + 0*b - 1/12*b**5 + 5/24*b**4 + 1/6*b**3. Calculate g(-6).
7
Suppose -5*r + 60 = -8*r. Let v be (50/8 - -1) + 5/r. Let x(p) = -p + 5. Calculate x(v).
-2
Let q(a) = 5 - 249*a**2 - 4 + 126*a**2 + 122*a**2 + 4*a. What is q(8)?
-31
Let v(b) = -4*b - 13. Let u(r) = 23*r + 59. Let q(i) = -2*u(i) - 11*v(i). Determine q(20).
-15
Let h(u) = -u**2 + 16*u - 7. Let r = -350 + 365. Determine h(r).
8
Suppose 0 = d + 4*d - 30. Let s(p) = -3*p - 5*p + p + d + 4*p. Let w be (-4)/(-18) - (-34)/9. Calculate s(w).
-6
Let s(z) be the third derivative of 0 - 7/24*z**4 + 7/60*z**5 + 0*z - 1/120*z**6 - 12*z**2 + 4/3*z**3. What is s(6)?
2
Let k(l) = l**3 - 9*l**2 + l + 7. Suppose -2*p + 2*n = -n - 21, 2*p - 16 = -2*n. Calculate k(p).
16
Let u(j) be the third derivative of j**5/60 + 5*j**4/12 - 5*j**3/6 - 127*j**2. Give u(-10).
-5
Let b(a) be the third derivative of -a**6/120 + a**5/60 - a**4/12 - 15*a**2. Suppose 3*p - 8 = -5*z + 2*p, -2*p = 2*z. Give b(z).
-8
Let t(j) = -j**2 - 4*j - 1. Let z(v) = v**2 + 5*v + 2. Let p be z(-5). Suppose -3*y = p*k - 15, y - 4*y + 2*k = -3. Let l be -1 + -1 + y - 5. What is t(l)?
-1
Let i(y) = -13*y - 40. Let f(n) = -7*n - 23. Let d(w) = 5*f(w) - 3*i(w). What is d(1)?
9
Let p(y) = y**2 + y + 3. Suppose -4*s + w - 1 = 0, -3*s = -w - 2 + 3. Suppose 3*r + 2*r - 3*o + 18 = s, -r = -2*o + 5. Give p(r).
9
Let j(m) = -m**2 - 6*m + 2. Let z(h) be the second derivative of h**4/4 + 3*h**3 - 7*h**2/2 + 10*h. Let o(l) = -11*j(l) - 4*z(l). Calculate o(-6).
6
Let n(g) = -g - 3. Let v(x) = 3*x - 6*x - x**2 + 4 + 2*x + 16. Let j be v(-5). Calculate n(j).
-3
Suppose m = 3*c - 5 - 2, -3*m + 15 = 3*c. Let s(l) = -2*l + 1 - c*l + l**3 + 7*l**2 - 4*l**2 + 1. What is s(-4)?
6
Let b(k) = 28*k**2 - 22*k**2 - 7*k**2 - k - 1. Calculate b(-3).
-7
Let s(m) be the second derivative of m**4/12 + m**3/2 - 5*m**2/2 - m. Let k(x) be the second derivative of -x**3/2 + 8*x**2 - 13*x. Let r be k(7). Give s(r).
5
Let c = -90 + 126. Suppose 73*f - 67*f + c = 0. Let t(i) = -i**2 - 7*i + 8. Give t(f).
14
Let v be (0 + 0 + 1)*(43 + -42). Let x(o) = 6*o**2 + 1. Give x(v).
7
Let o(g) = 7*g - 1. Suppose 76 = 99*k - 221. What is o(k)?
20
Let y(p) be the third derivative of p**6/60 - p**4/12 - p**3/6 - 88*p**2. Suppose v - 3*v = 2. What is y(v)?
-1
Let i(j) be the first derivative of j**5/4 - j**4/6 + j**2/2 - 5*j + 27. Let l(h) be the first derivative of i(h). Calculate l(1).
4
Let d(a) = -a**2 + a + 1. Let q(h) = 7*h**2 - 5*h - 1. Let s(p) = -6*d(p) - q(p). Determine s(-4).
-17
Let r(x) = -3*x - 1. Let u(s) = -6*s - 2. Let j(c) = -5*r(c) + 3*u(c). Calculate j(-2).
5
Let j = -4 - -3. Let k(x) = 10*x + 52. Let b be k(-7). Let v be (j/(-1))/(3/b). Let l(u) = u**3 + 6*u**2 - u + 4. Calculate l(v).
10
Let r(o) = -2*o**2 + 9*o - 2. Let l be r(4). Let t(q) = q**l + 4*q + 6 + 9*q - 22*q. What is t(8)?
-2
Let j(v) = -v**2 - 10*v - 23. Suppose 3*h - 5*s = -28, 0 = -71*h + 70*h + 4*s - 14. What is j(h)?
1
Let c(b) be the second derivative of -b**6/120 + b**5/60 + b**4/24 - 7*b**3/6 - 5*b**2 - b. Let o(h) be the first derivative of c(h). Give o(0).
-7
Let b = -1 + 27. Suppose 0 = 4*u - 3*r, 5*r - b = -4*u + 2*u. Let c(a) = 3*a**2 - 12 + 6 + 9 - a**u - 2*a. What is c(2)?
3
Let p(j) be the third derivative of j**6/120 + 11*j**5/60 + 5*j**4/12 + j**3/2 - j**2 + 5*j. Calculate p(-10).
3
Let p = 244 + -243. Let r(w) = 25*w**2 + w - 1. Determine r(p).
25
Suppose p = -2*p + 4*l + 8, 5*p = 5*l + 10. Let y(u) be the second derivative of -1/4*u**4 - 3/2*u**2 + 2/3*u**3 + 2*u + p + 1/10*u**5. Calculate y(2).
9
Let h(q) = -q**2 + q - 7. Let b = -1 + 5. Suppose -r = b*k - 25, 10 = -2*k + 6*k - 2*r. Suppose k*y = 7*y. Calculate h(y).
-7
Let g(h) = 4 - 6*h**2 + 23*h**3 - 46*h**3 + 24*h**3. Let l = -1 - 0. Let q = l + 7. Calculate g(q).
4
Let f(c) = c**2 + 7*c. Let s = -144 + 69. Let b = 68 + s. What is f(b)?
0
Let c(m) be the second derivative of -m**7/210 + m**5/120 + m**4/24 - m**3/2 - 28*m. Let t(d) be the second derivative of c(d). What is t(-1)?
4
Suppose -5*s = -4*j + 53, 0 = -2*j - 5*s + 9*s + 28. Suppose 3*b = 3*z - 18, -j = 2*b - 5*z + 3. Let t(d) = -d**2 - 5*d - 4. Calculate t(b).
-4
Let g = 21 - 20. Let h(i) = 5*i - 2 + 7 + g. Let m(y) = -y**2 + y - 1. Let n(o) = -h(o) - m(o). What is n(7)?
2
Suppose -2*v = -4*y - 54, -y + v = -2*v + 21. Let h(f) = -f**3 - 12*f**2 - f - 2. Give h(y).
10
Let g(t) = 46*t - 6. Let h(n) = 69*n - 9. Let o(l) = 7*g(l) - 5*h(l). What is o(-1)?
26
Let s(z) = 3*z**3 + 5*z**2 - 3*z - 1. Let a(y) = 5*y**3 + 9*y**2 - 5*y - 3. Let h(g) = -4*a(g) + 7*s(g). Let f = 191 - 191. Give h(f).
5
Let y(h) be the first derivative of 4*h + 1/2*h**2 - 6. Determine y(4).
8
Let l(j) be the third derivative of j**4/24 - 7*j**3/6 + j**2. Let y(x) = 2*x - 8. Let k(s) = 3*l(s) - 2*y(s). Give k(0).
-5
Let x(y) be the first derivative of -y**4/2 + 14*y**3/3 - y**2/2 - y - 415. Give x(7).
-8
Let n = 1069 + -1063. Let x(g) = -6*g - 11. Give x(n).
-47
Suppose 5*n + 2*f - 9 = 29, 0 = n + f - 10. Let c(r) = -r**3 + 5*r**2 + r - 4. Give c(n).
-34
Let i be (-2)/(-14) - (-4)/(-28). Suppose i = 2*w + 3*w - 35. Let o(a) = -a**2 + 7*a + 7. Calculate o(w).
7
Let n be (-40)/(-6) - (-6)/18. Suppose -7*l + 35 = n. Let h(g) = 1 + g - 1 - 9 + 0. Calculate h(l).
-5
Let z(t) = -t**2 + 3*t + 1. Let f = 32 + -29. Calculate z(f).
1
Let v be (1 + (-35)/40)*8. Let u(q) = -5*q + 5*q + 5*q**3 - v + 0 - q**2 + q. Give u(1).
4
Let p(t) = -7*t**2 + 40*t - 11. Let d(x) = -6*x**2 + 34*x - 9. Let h(q) = -6*d(q) + 5*p(q). Suppose 5 = 2*s - s. What is h(s)?
4
Let l(c) = -3*c**2 + 9*c - c**3 - 10 + 5*c**2 - 2*c**2 + 7*c**2. Suppose -2*g - 40 = -7*g. Determine l(g).
-2
Let q(f) = -9*f**2 + f - 3. Let z(g) = -11*g**2 + g - 3. Let m(r) = 7*q(r) - 6*z(r). Determine m(-3).
21
Let r(b) = -2*b - 56. Let v(g) = -8*g + 176. Let o be v(25). Calculate r(o).
-8
Let j(m) = 3*m**2 + 10*m - 6. Let s be j(-4). Let w(r) = -r + r**2 - s*r**2 - 4*r**2 + 3*r**3 